of 9 and m?
9
Let x(w) = -6*w**3 - 417*w**2 - 205*w + 156. Let s be x(-69). What is the highest common divisor of s and 2025?
9
Let i = -8 - -8. Let n be 1/4*312/(i - -6). What is the highest common divisor of 1 and n?
1
Suppose 259*w = 258*w + b + 171, 4*b + 855 = 5*w. What is the highest common factor of 48 and w?
3
Suppose -21*c - 18*c - 333 = -3141. Calculate the highest common factor of 33 and c.
3
Suppose z - 119 + 64 - 381 = 0. What is the greatest common divisor of 14 and z?
2
Suppose -a = -3*r - 323, 842 + 147 = 3*a - 5*r. Suppose 11*q + a = 888. Calculate the highest common divisor of 20 and q.
10
Suppose 5*a - 13785 = -5*s, 5*a - 26*s + 24*s = 13750. Calculate the highest common factor of a and 215.
43
Let y be (178/534)/(2/43632). Calculate the highest common factor of y and 72.
72
Let a = -8507 + 9470. Calculate the greatest common factor of a and 90.
9
Let f = -73 + 247. Let i = -119 + f. Suppose 114 = -13*v + 257. What is the highest common factor of v and i?
11
Let n be (((-33)/6)/(-11))/((3 - -1)/16). Calculate the greatest common factor of 10358 and n.
2
Let j(v) = 3*v**2 - 877*v + 3493. Let k be j(4). Calculate the greatest common divisor of k and 1089.
33
Suppose -49*u + 937 = -111 - 1402. Suppose -2*q + 4*f = -32 - 28, 0 = 5*f. What is the highest common factor of q and u?
10
Let n be 140391/1653 + 6/87. What is the greatest common divisor of 2 and n?
1
Suppose -8 = c - 3*g, 11*c = 8*c - 3*g. Let p be c*((-7710)/12 + 6). Calculate the greatest common factor of p and 67.
67
Suppose -f + 45 = 91. Let k = f + 46. Suppose k = 4*c + 4*p - 20, c - p = 2*p + 1. What is the highest common factor of 12 and c?
4
Suppose 1020 = 15*a - 915. Let r be -2 + (-4)/(-12)*a. Calculate the highest common factor of 369 and r.
41
Let t(z) be the third derivative of -z**6/120 - z**5/10 + 7*z**4/8 + 31*z**3/3 + 128*z**2. Let q be t(-10). What is the highest common factor of q and 24?
12
Let d(g) = 3*g**2 - 398*g - 4566. Let m be d(-11). Let a = -56 - -91. What is the greatest common factor of m and a?
35
Let i(y) = 126*y**2 - y - 16. Let m be i(-4). Calculate the highest common divisor of 12 and m.
12
Let a(g) = -3*g**2 + 47*g - 71. Let b be a(10). What is the highest common divisor of 6435 and b?
99
Let r(x) = 48*x + 144. Let i be r(-5). Let y = i + 126. Let v be -2 + (12 - -2 - 2). Calculate the highest common divisor of y and v.
10
Let a(f) = 7*f + 15. Let r be a(-2). Let w be (0 - 2/(-2) - -17)/r. What is the greatest common divisor of w and 198?
18
Suppose 37*v + 3*u = 41*v - 189, -2*v + 5*u = -77. Let d(o) = -137*o + 4. Let w be d(6). Let z = -461 - w. Calculate the highest common divisor of v and z.
51
Let z be 12/14*(-33)/(693/(-196)). Let j(y) = 2*y**2 - 9*y + 2. Let g be j(6). What is the greatest common factor of g and z?
4
Let s = -4 - 4. Let i be (-2)/(-2) + 26*s. Let q = i - -307. Calculate the greatest common divisor of q and 40.
20
Let c = 158 - 492. Let t = c + 339. What is the greatest common factor of 5 and t?
5
Let u(s) = 11*s - 99. Let m be u(10). Let f be 4/(-3)*(-15)/10. Let j be 970/11 - f/m. Calculate the greatest common factor of 11 and j.
11
Let g(t) = 34*t - 16. Let m be g(5). Let k(q) = -m*q - 150*q + 297*q + 208. Let h be k(0). What is the highest common factor of 16 and h?
16
Let g = 143 + -137. Let j be -54*1/(3 - g). Calculate the greatest common divisor of 18 and j.
18
Let y = 104 - 84. Let j = -41 + y. Let w = 98 + j. What is the greatest common divisor of w and 7?
7
Let b(i) = 63*i - 20*i + 94 + 94 + 35*i**2 - 13*i - 11*i. Let w be b(-7). What is the highest common divisor of w and 30?
30
Let v be (4 + (1 - 1))*(-1343)/(-158). Suppose 58 = -32*p + v*p + t, -2*t - 124 = -4*p. What is the greatest common divisor of 140 and p?
10
Let s = -314 + 312. Let q be (s/6)/(11/(-693)). Calculate the greatest common divisor of q and 14.
7
Let s = 38 + -32. Let l be -1 - (s + -3) - -14. Let k be (-2)/5*-16*l. Calculate the highest common factor of k and 16.
16
Let k(z) = -z**3 - 10*z**2 + 32*z + 276. Let l be k(-11). What is the highest common divisor of 198 and l?
9
Let v be ((-96)/5)/((-6)/20). Let w = -437 + 645. Let l = -192 + w. Calculate the greatest common factor of l and v.
16
Suppose -2*l + 656 = 3*s, 510 = 3*s + 5*l - 131. Suppose 271 = 25*r - 254. Let w be 37/((20 - r)/(-1 - 0)). Calculate the greatest common divisor of s and w.
37
Let b = 18476 - 17681. Calculate the highest common factor of 10865 and b.
265
Let w = 314 - 309. Suppose w*k = 915 - 555. Calculate the highest common factor of k and 1.
1
Let p = -3907 + 3963. Calculate the greatest common divisor of p and 364.
28
Let w(p) = -426*p + 8563. Let m be w(20). Suppose 0 = 5*s - s - 344. What is the highest common divisor of s and m?
43
Suppose -3*i - 17 + 41 = 0. Suppose -9*m + 17 = -i*m. Calculate the greatest common divisor of 68 and m.
17
Let h = -787 + 787. Suppose h = -41*i + 15*i + 286. Calculate the greatest common factor of i and 1.
1
Let x be -50 + 47 - 126/1. Let r = x + 209. Calculate the greatest common divisor of 180 and r.
20
Suppose 0*p - 36 = -2*p. Suppose 2*m - 5*i - 718 = 0, 20*i - 17*i = 8*m - 2940. What is the highest common factor of p and m?
9
Suppose -1161*q = -1159*q - 8378. What is the highest common factor of 71 and q?
71
Let m = 3488 + -3410. Calculate the greatest common factor of m and 3237.
39
Suppose -4*k = -2*l + 4012 + 46, 0 = -2*l - 4*k + 4026. What is the highest common factor of l and 329?
47
Let x be 1*5/(2 + 3). Let v(u) = -240*u**3 + 2*u**2 + 2*u - 3. Let j be v(x). Let s = j + 383. Calculate the highest common divisor of s and 18.
18
Let g be (-9)/(-9) + (2 - 5 - -6). Suppose g*z = 13*z - 270. Calculate the greatest common divisor of 75 and z.
15
Let k = 470 - 226. What is the highest common divisor of k and 854?
122
Let s = -3500 - -3516. Let w(f) = f**2 - 5. Let u be w(-4). Suppose 0 = -u*y + s*y - 200. Calculate the greatest common factor of y and 20.
20
Let o be 2/3 + -18 + (-2718)/(-54). What is the greatest common factor of 583 and o?
11
Suppose 8*v - 5*v + 12 = 0, 140 = 5*l - 5*v. Let o = -94 - -102. What is the greatest common divisor of o and l?
8
Let y = 1488 - 821. Calculate the highest common divisor of y and 69.
23
Let n = -833 - -884. Let q = -28 - -113. What is the greatest common factor of q and n?
17
Let d be ((-5)/(-20) - 5)*-4. What is the greatest common divisor of d and 893?
19
Suppose -2*v = -241 + 59. Suppose -5 = h, -5*h = -3*r - 7*h + 2. Suppose -3*j - r*j = -v. Calculate the greatest common divisor of 91 and j.
13
Suppose 0 = 14*t - 13*t + 2. Let s be (858/(-12))/(t/8). What is the highest common divisor of 22 and s?
22
Let j = -11648 + 12428. What is the highest common divisor of j and 40?
20
Suppose 3*m + 7 - 19 = 0. Let i = 176 + -112. Suppose 5*f - 2*q = 4*f + 36, -2*f = -2*q - i. What is the greatest common divisor of m and f?
4
Let c = 12856 + -12552. Calculate the highest common divisor of 1178 and c.
38
Let l be ((10224/(-7))/(-24))/((12/14)/3). What is the greatest common factor of 497 and l?
71
Let b = 1533 - 966. Let u(d) = -d**3 + 3*d**2 + 244*d - 39. Let p be u(17). Calculate the highest common divisor of b and p.
63
Let h = -3542 + 6535. What is the greatest common factor of h and 219?
73
Let a be (7 + (-42)/18)*3. Suppose 0 = -a*r + 26 + 30. Calculate the greatest common divisor of 36 and r.
4
Let c(z) = z**3 - 7*z**2 + 13*z - 10. Let u be c(10). Let d be 936/16 + (-6)/(-4). Calculate the greatest common factor of u and d.
60
Let d be (-1 + -4)*22/(-22). Suppose g - 4 = d*v, 4*g + 4*v - 85 = v. What is the greatest common divisor of g and 19?
19
Let p = 12 - 7. Suppose -2*h - 378 = -p*h. Let o(j) = -j**2 + 29*j - 190. Let l be o(16). Calculate the greatest common factor of h and l.
18
Let f = -949 + 3097. What is the greatest common divisor of f and 12?
12
Let z be -4 - -3 - (1 - 217). Let c = -203 + 253. Suppose 5*h + 3*v = z - c, -5*v = 5*h - 175. What is the highest common divisor of h and 90?
30
Let y(p) = 8*p + 162. Let d be y(-27). Let v be d/4*(-82)/123. What is the highest common divisor of v and 3?
3
Suppose -5*l + 3*r + 3903 = 3459, l + 4*r - 121 = 0. What is the highest common divisor of 3038 and l?
31
Suppose -3*r = 5*m - 16, 10*m - 13 = 5*m - 4*r. Calculate t